sor of 117 and a.
9
Let q be -1 - ((-1)/1)/((-6)/(-468)). Suppose -64*w = 1057 - 4577. What is the greatest common factor of w and q?
11
Suppose -17955 = 21*b + 1428. Let x = 1393 + b. What is the highest common divisor of x and 30?
10
Let o = 73 - 26. Let s = -47 + o. Suppose s = -3*g - 2*g + 35. Calculate the highest common divisor of g and 49.
7
Let z be ((-16)/3)/(((-219)/(-292))/(18/(-16))). Let s be (64/(-6))/(3/(-9)). What is the greatest common factor of s and z?
8
Let z = 188 + -187. Let y be 43/3*z - 90/(-54). What is the greatest common divisor of y and 40?
8
Suppose 2*f - v + 2 = 0, -491*f + 3*v - 9 = -486*f. Suppose 0 = -2*g - 3*u + 87, 0 = -3*g - 2*u + u + 127. Calculate the greatest common factor of g and f.
3
Let d be 65/(1820/1392) + 2/7. What is the greatest common divisor of d and 1720?
10
Let i(d) = -3*d + d**2 + 0*d + 3 - 3*d + d. Let v be i(4). Let r be v + (-1 - (-5 - 0)). What is the highest common factor of 15 and r?
3
Let x be (33/(-6))/((-3)/54). Suppose 0 = 5*j - 15, 3*j = -q - 0*j. Let t(l) = l + 20. Let c be t(q). Calculate the highest common factor of x and c.
11
Let a(w) = -3*w - 6. Let x be a(6). Let o = x + 24. Suppose -3*t - 5*q = -21, o*q = -3*q. What is the greatest common divisor of t and 77?
7
Let j = -2023 - -2464. Calculate the greatest common divisor of j and 196.
49
Suppose -3*i = c - 1738, -278 = -4*i + c + 2044. Suppose -35*s = -184*s - 118*s + 5340. Calculate the greatest common factor of i and s.
20
Let x = 18556 - 18543. Suppose 0*u - 2*u = r - 24, 3*u = 5*r - 133. Calculate the greatest common factor of x and r.
13
Let m be (-4)/1 - (4 - 15). Let s be (-9009)/(-28) - (-2 - m/(-4)). Calculate the greatest common factor of s and 14.
14
Suppose -98*b - 2*b + 266490 = -6*b. What is the greatest common factor of 15 and b?
15
Let m = -485 + 487. Suppose m*o - 8*o = -234. Calculate the greatest common factor of 741 and o.
39
Let i be ((-8)/13)/(-4) - 216/52. Let y be (8/(-16))/(i/(-336)). Let z = y + 87. Calculate the highest common factor of 5 and z.
5
Let m be (-1*(4 - 2))/(7/(-1820)). Suppose 0 = -184*p + 189*p - m. Calculate the greatest common divisor of 13 and p.
13
Let q be (-2 + 12)*127/2. Calculate the highest common divisor of q and 10.
5
Suppose 26*j - 1072 = 904. Let s = -422 - -688. Calculate the greatest common factor of s and j.
38
Let p be (23 + -10)/(1/(-4)). Suppose -6*r = 146 - 32. Let f = r - p. Calculate the greatest common factor of f and 22.
11
Let n(w) = -w**2 - 11*w - 2. Let z be ((-51)/2)/(-3) - (-12)/(-24). Suppose 18 = 6*m - z*m. Let t be n(m). Calculate the highest common factor of 144 and t.
16
Let g(o) = -31*o**2 + 1511*o + 66. Let d be g(48). Calculate the highest common divisor of d and 360.
90
Let v = -22118 - -24079. What is the highest common divisor of v and 1219?
53
Let g(q) = 3*q**2 - 10*q + 1. Let p(y) = -13*y**2 + 42*y - 3. Let b(l) = -9*g(l) - 2*p(l). Let u be b(5). Calculate the highest common divisor of 21 and u.
1
Let l(o) be the first derivative of -o**3/3 - 5*o**2 - 13*o + 10. Let z be l(-6). Calculate the greatest common factor of z and 121.
11
Let k = 99142 - 99068. Let a be 1/4 - (-7694)/8. Calculate the highest common divisor of k and a.
74
Let n(d) = 2081*d + 9071. Let z be n(-4). What is the highest common factor of z and 332?
83
Suppose 3*k = 5*p - 79099, -4*k = 32 - 0. Calculate the greatest common factor of p and 5.
5
Suppose -1922 + 626 = -9*v. Suppose -p + 2*d = -v, -4*p = -p - 3*d - 438. What is the highest common factor of 37 and p?
37
Let d be 5 - (0 - (-24 + 487)). Calculate the highest common divisor of 54 and d.
18
Suppose -6*m = -28*m + 506. Let d(j) = -j**2 + 8*j - 10. Let q be d(7). Let o be ((-5)/q)/(1/69). What is the highest common divisor of m and o?
23
Let d(h) = 58*h - 59. Let n(r) = r + 1. Let z(w) = -d(w) - 6*n(w). Let s be z(-1). What is the highest common divisor of 18 and s?
9
Suppose 135*f = 134*f + 17. Suppose f*a = 12*a + 50. Calculate the highest common factor of a and 6.
2
Let z be 105/20 - -2*1/(-8). Suppose -3*a = -4*t - 177, 0*a + z*t = -2*a + 141. Calculate the highest common divisor of 189 and a.
63
Let v = 5809 + -5774. Calculate the greatest common factor of v and 95.
5
Suppose -5*k = q - 91 + 453, -294 = 4*k + 3*q. Let v be -1 + (-306)/(-4) - 36/k. Calculate the greatest common factor of 19 and v.
19
Suppose 183 = o + 4*s - 75, 2*o = -4*s + 528. Suppose -o*b = -279*b + 738. What is the greatest common divisor of 656 and b?
82
Let l = 1 - -1. Let d be 7 - (-4 + 0 + l). Suppose 149009*j - 149143*j = -13266. What is the highest common divisor of j and d?
9
Let q(g) = -17*g**2 - 4*g - 6. Let w be q(-2). Let a = 106 + w. Let r = a + -24. What is the highest common divisor of r and 8?
8
Let f(u) = -u**3 + 53*u**2 - 146*u - 96. Let j be f(50). Suppose -j = -x - 4*g, -x + 7*g + 112 = 3*g. Calculate the greatest common factor of x and 27.
27
Let u(j) = 356*j - 35223. Let x be u(99). Let n(f) = 5*f - 4. Let t = 5 + 0. Let d be n(t). Calculate the highest common factor of x and d.
21
Let h be 20 + (-1)/(-1)*32/(-4). Calculate the highest common factor of h and 2148.
12
Suppose 0 = 150*c - 172*c + 10384. Calculate the greatest common divisor of c and 32.
8
Let z(c) = -c**3 - 19*c**2 + 4*c + 78. Let r be z(-19). Suppose -r*x = 4*x - 246. Calculate the greatest common divisor of x and 41.
41
Let y(g) = -4*g + 163. Let z be y(-18). Suppose -z*d - 256 = -237*d. Calculate the highest common factor of d and 80.
16
Suppose 0 = -10*r - 201 + 7161. Let s = -659 + r. What is the greatest common divisor of 185 and s?
37
Let c(r) = 6*r**2 + 10*r - 34. Let b be c(3). Calculate the greatest common divisor of b and 14650.
50
Suppose -54*r + 59*r = -379 + 3894. What is the greatest common divisor of r and 148?
37
Suppose -3*k + 3324 = -7389 - 861. What is the highest common divisor of k and 6?
6
Suppose -2 + 1186 = 148*s. What is the highest common factor of 358 and s?
2
Let t = 175 + -149. Suppose -2*j + 0*j = -2*a + 22, -3*a + t = 4*j. What is the highest common divisor of 90 and a?
10
Suppose -9058 = 5*k - 2*z, 2*z = 3*z - 4. Let y be k/40 - 1/(-4). Let r = y + 61. What is the highest common factor of 128 and r?
16
Let m = 6 - 6. Suppose -84*n + 89*n - 80 = m. Calculate the greatest common divisor of n and 944.
16
Suppose -199 = -n - 59. Let g(k) = 4*k**2 + k - 123. Let v be g(9). Calculate the greatest common factor of v and n.
70
Let w(l) = l**2 + 9*l + 3. Let d be w(-9). Let o be 2430/(-216)*(8/d)/(-1). Calculate the greatest common divisor of o and 75.
15
Let h(c) = -2*c - 2. Let b be h(1). Let k be 4 + (-137)/4 + (-1)/b. Let u = -23 - k. Calculate the highest common divisor of u and 35.
7
Let p(v) = -v**2 - 51*v + 353. Let j be p(6). What is the greatest common factor of 297 and j?
11
Suppose -340*n + 156*n = -154*n - 32670. Calculate the highest common factor of n and 63.
9
Let w(b) = -6*b**3 + 7*b**2 - b - 24. Let u be w(-6). Calculate the highest common factor of 270 and u.
90
Let m = -30774 + 40797. Calculate the greatest common divisor of 195 and m.
39
Let x(s) = 316*s - 1329. Let q be x(15). What is the greatest common factor of q and 9?
9
Suppose 70*s - 83*s = -8190. Calculate the greatest common divisor of s and 84.
42
Suppose 0 = -15*c + 3489 + 2811. Calculate the greatest common divisor of 36 and c.
12
Suppose -4*i + 33 = 5*u + 11, i + u - 5 = 0. Suppose m = -d + 33, -i*m + 18 + 47 = 2*d. What is the greatest common divisor of 306 and d?
34
Let h be ((-35)/14)/(2/(-392)). Suppose 6*l = 8*l - h. What is the greatest common factor of l and 35?
35
Suppose -5*t = 10, 29 = 3*h - t - 33. Let s(d) = 10*d - 40. Let o be s(h). What is the highest common factor of 10 and o?
10
Suppose 18*g = 22*g + 2*v - 178, -4*g - v + 179 = 0. What is the highest common factor of g and 378?
9
Let n be ((-5)/(-2))/(-5) - (-2305)/2. Suppose 220*u = 214*u + n. What is the greatest common divisor of 12 and u?
12
Let f be -19*3 + (0 - 2). Let a = 95 + f. Suppose -76*h + 4054 = 79*h - 9896. What is the greatest common factor of a and h?
18
Let z be (408 - (4 - 5)) + (-40)/10. Calculate the highest common factor of z and 540.
135
Let w(n) = 140*n + 4. Let g be w(-5). Let m = g + 1224. Suppose -7*o + m = -o. Calculate the highest common divisor of 11